{"id":3639,"date":"2017-04-06T14:26:19","date_gmt":"2017-04-06T14:26:19","guid":{"rendered":"http:\/\/www.vertice.org\/blog\/?page_id=3639"},"modified":"2017-04-07T10:25:08","modified_gmt":"2017-04-07T10:25:08","slug":"suscriptores-vertice-news","status":"publish","type":"page","link":"https:\/\/grupovertice.com\/blog\/suscriptores-vertice-news\/","title":{"rendered":"Suscr\u00edbete a V\u00e9rtice"},"content":{"rendered":"<p>Suscribiendote a <strong>V\u00e9rtice News<\/strong> tendr\u00e1s acceso a nuestra <strong>Newsletter<\/strong>, te notificaremos sobre novedades, noticias relacionadas con el sector y multitud de contenidos relacionados con la formaci\u00f3n y tecnolog\u00edas e-Learning.<\/p>\n\n\t\t<div class=\"emaillist\" id=\"es_form_f0-n1\">\n\t\t\t\t\t\t<form action=\"\/blog\/wp-json\/wp\/v2\/pages\/3639#es_form_f0-n1\" method=\"post\" class=\"es_subscription_form es_shortcode_form\" id=\"es_subscription_form_69f1792a78468\" data-source=\"ig-es\">\n\t\t\t\t\t\t\t\t<div class=\"es-field-wrap\"><label>Nombre<br \/><input type=\"text\" name=\"esfpx_name\" class=\"ig_es_form_field_name\" placeholder=\"\" value=\"\" \/><\/label><\/div><div class=\"es-field-wrap\"><label>Correo electr\u00f3nico*<br \/><input class=\"es_required_field es_txt_email ig_es_form_field_email\" type=\"email\" name=\"esfpx_email\" value=\"\" placeholder=\"\" required=\"required\" \/><\/label><\/div><input type=\"hidden\" name=\"esfpx_lists[]\" value=\"ef7d56d25f49\" \/><input type=\"hidden\" name=\"esfpx_form_id\" value=\"0\" \/>\t\t\t\t<input type=\"hidden\" name=\"es\" value=\"subscribe\" \/>\n\t\t\t\t<input type=\"hidden\" name=\"esfpx_es_form_identifier\" value=\"f0-n1\" \/>\n\t\t\t\t<input type=\"hidden\" name=\"esfpx_es_email_page\" value=\"3639\"\/>\n\t\t\t\t<input type=\"hidden\" name=\"esfpx_es_email_page_url\" value=\"https:\/\/grupovertice.com\/blog\/suscriptores-vertice-news\/\"\/>\n\t\t\t\t<input type=\"hidden\" name=\"esfpx_status\" value=\"Unconfirmed\"\/>\n\t\t\t\t<input type=\"hidden\" name=\"esfpx_es-subscribe\" id=\"es-subscribe\" value=\"3d737355ce\"\/>\n\t\t\t\t<label style=\"position:absolute;top:-99999px;left:-99999px;z-index:-99;\"><input type=\"email\" name=\"esfpx_es_hp_email\" class=\"es_required_field\" tabindex=\"-1\" autocomplete=\"-1\" value=\"\"\/><\/label>\n\t\t\t\t\t\t\t\t<input type=\"submit\" name=\"submit\" class=\"es_subscription_form_submit es_submit_button es_textbox_button\" id=\"es_subscription_form_submit_69f1792a78468\" value=\"Suscribirse\"\/>\n\n\t\t\t\t\n\t\t\t\t<span class=\"es_spinner_image\" id=\"spinner-image\"><img src=\"https:\/\/grupovertice.com\/blog\/wp-content\/plugins\/email-subscribers\/lite\/public\/images\/spinner.gif\" alt=\"Loading\"\/><\/span>\n\n\t\t\t<\/form>\n\t\t\t\t\t\t<span class=\"es_subscription_message \" id=\"es_subscription_message_69f1792a78468\">\n\t\t\t\t\t\t<\/span>\n\t\t<\/div>\n\n\t\t\n","protected":false},"excerpt":{"rendered":"<p>Suscribiendote a V\u00e9rtice News tendr\u00e1s acceso a nuestra Newsletter, te notificaremos sobre novedades, noticias relacionadas con el sector y multitud<\/p>\n","protected":false},"author":3,"featured_media":0,"parent":0,"menu_order":0,"comment_status":"closed","ping_status":"closed","template":"","meta":{"_monsterinsights_skip_tracking":false,"_monsterinsights_sitenote_active":false,"_monsterinsights_sitenote_note":"","_monsterinsights_sitenote_category":0},"yoast_head":"<!-- This site is optimized with the Yoast SEO plugin v17.2 - https:\/\/yoast.com\/wordpress\/plugins\/seo\/ -->\n<title>Suscr\u00edbete a V\u00e9rtice - V\u00c9RTICE<\/title>\n<meta name=\"robots\" content=\"index, follow, max-snippet:-1, max-image-preview:large, max-video-preview:-1\" \/>\n<link rel=\"canonical\" href=\"https:\/\/grupovertice.com\/blog\/suscriptores-vertice-news\/\" \/>\n<meta property=\"og:locale\" content=\"es_ES\" \/>\n<meta property=\"og:type\" content=\"article\" \/>\n<meta property=\"og:title\" content=\"Suscr\u00edbete a V\u00e9rtice - V\u00c9RTICE\" \/>\n<meta property=\"og:description\" content=\"Suscribiendote a V\u00e9rtice News tendr\u00e1s acceso a nuestra Newsletter, te notificaremos sobre novedades, noticias relacionadas con el sector y multitud\" \/>\n<meta property=\"og:url\" content=\"https:\/\/grupovertice.com\/blog\/suscriptores-vertice-news\/\" \/>\n<meta property=\"og:site_name\" content=\"V\u00c9RTICE\" \/>\n<meta property=\"article:modified_time\" content=\"2017-04-07T10:25:08+00:00\" \/>\n<meta name=\"twitter:card\" content=\"summary\" \/>\n<script type=\"application\/ld+json\" class=\"yoast-schema-graph\">{\"@context\":\"https:\/\/schema.org\",\"@graph\":[{\"@type\":\"WebSite\",\"@id\":\"https:\/\/grupovertice.com\/blog\/#website\",\"url\":\"https:\/\/grupovertice.com\/blog\/\",\"name\":\"V\\u00c9RTICE\",\"description\":\"BLOG DE FORMACI\\u00d3N Y EMPLEO\",\"potentialAction\":[{\"@type\":\"SearchAction\",\"target\":{\"@type\":\"EntryPoint\",\"urlTemplate\":\"https:\/\/grupovertice.com\/blog\/?s={search_term_string}\"},\"query-input\":\"required name=search_term_string\"}],\"inLanguage\":\"es\"},{\"@type\":\"WebPage\",\"@id\":\"https:\/\/grupovertice.com\/blog\/suscriptores-vertice-news\/#webpage\",\"url\":\"https:\/\/grupovertice.com\/blog\/suscriptores-vertice-news\/\",\"name\":\"Suscr\\u00edbete a V\\u00e9rtice - V\\u00c9RTICE\",\"isPartOf\":{\"@id\":\"https:\/\/grupovertice.com\/blog\/#website\"},\"datePublished\":\"2017-04-06T14:26:19+00:00\",\"dateModified\":\"2017-04-07T10:25:08+00:00\",\"breadcrumb\":{\"@id\":\"https:\/\/grupovertice.com\/blog\/suscriptores-vertice-news\/#breadcrumb\"},\"inLanguage\":\"es\",\"potentialAction\":[{\"@type\":\"ReadAction\",\"target\":[\"https:\/\/grupovertice.com\/blog\/suscriptores-vertice-news\/\"]}]},{\"@type\":\"BreadcrumbList\",\"@id\":\"https:\/\/grupovertice.com\/blog\/suscriptores-vertice-news\/#breadcrumb\",\"itemListElement\":[{\"@type\":\"ListItem\",\"position\":1,\"name\":\"Portada\",\"item\":\"https:\/\/grupovertice.com\/blog\/\"},{\"@type\":\"ListItem\",\"position\":2,\"name\":\"Suscr\\u00edbete a V\\u00e9rtice\"}]}]}<\/script>\n<!-- \/ Yoast SEO plugin. -->","yoast_head_json":{"title":"Suscr\u00edbete a V\u00e9rtice - V\u00c9RTICE","robots":{"index":"index","follow":"follow","max-snippet":"max-snippet:-1","max-image-preview":"max-image-preview:large","max-video-preview":"max-video-preview:-1"},"canonical":"https:\/\/grupovertice.com\/blog\/suscriptores-vertice-news\/","og_locale":"es_ES","og_type":"article","og_title":"Suscr\u00edbete a V\u00e9rtice - V\u00c9RTICE","og_description":"Suscribiendote a V\u00e9rtice News tendr\u00e1s acceso a nuestra Newsletter, te notificaremos sobre novedades, noticias relacionadas con el sector y multitud","og_url":"https:\/\/grupovertice.com\/blog\/suscriptores-vertice-news\/","og_site_name":"V\u00c9RTICE","article_modified_time":"2017-04-07T10:25:08+00:00","twitter_card":"summary","schema":{"@context":"https:\/\/schema.org","@graph":[{"@type":"WebSite","@id":"https:\/\/grupovertice.com\/blog\/#website","url":"https:\/\/grupovertice.com\/blog\/","name":"V\u00c9RTICE","description":"BLOG DE FORMACI\u00d3N Y EMPLEO","potentialAction":[{"@type":"SearchAction","target":{"@type":"EntryPoint","urlTemplate":"https:\/\/grupovertice.com\/blog\/?s={search_term_string}"},"query-input":"required name=search_term_string"}],"inLanguage":"es"},{"@type":"WebPage","@id":"https:\/\/grupovertice.com\/blog\/suscriptores-vertice-news\/#webpage","url":"https:\/\/grupovertice.com\/blog\/suscriptores-vertice-news\/","name":"Suscr\u00edbete a V\u00e9rtice - V\u00c9RTICE","isPartOf":{"@id":"https:\/\/grupovertice.com\/blog\/#website"},"datePublished":"2017-04-06T14:26:19+00:00","dateModified":"2017-04-07T10:25:08+00:00","breadcrumb":{"@id":"https:\/\/grupovertice.com\/blog\/suscriptores-vertice-news\/#breadcrumb"},"inLanguage":"es","potentialAction":[{"@type":"ReadAction","target":["https:\/\/grupovertice.com\/blog\/suscriptores-vertice-news\/"]}]},{"@type":"BreadcrumbList","@id":"https:\/\/grupovertice.com\/blog\/suscriptores-vertice-news\/#breadcrumb","itemListElement":[{"@type":"ListItem","position":1,"name":"Portada","item":"https:\/\/grupovertice.com\/blog\/"},{"@type":"ListItem","position":2,"name":"Suscr\u00edbete a V\u00e9rtice"}]}]}},"_links":{"self":[{"href":"https:\/\/grupovertice.com\/blog\/wp-json\/wp\/v2\/pages\/3639"}],"collection":[{"href":"https:\/\/grupovertice.com\/blog\/wp-json\/wp\/v2\/pages"}],"about":[{"href":"https:\/\/grupovertice.com\/blog\/wp-json\/wp\/v2\/types\/page"}],"author":[{"embeddable":true,"href":"https:\/\/grupovertice.com\/blog\/wp-json\/wp\/v2\/users\/3"}],"replies":[{"embeddable":true,"href":"https:\/\/grupovertice.com\/blog\/wp-json\/wp\/v2\/comments?post=3639"}],"version-history":[{"count":4,"href":"https:\/\/grupovertice.com\/blog\/wp-json\/wp\/v2\/pages\/3639\/revisions"}],"predecessor-version":[{"id":3647,"href":"https:\/\/grupovertice.com\/blog\/wp-json\/wp\/v2\/pages\/3639\/revisions\/3647"}],"wp:attachment":[{"href":"https:\/\/grupovertice.com\/blog\/wp-json\/wp\/v2\/media?parent=3639"}],"curies":[{"name":"wp","href":"https:\/\/api.w.org\/{rel}","templated":true}]}}